{"id":7,"date":"2018-04-03T18:57:22","date_gmt":"2018-04-03T18:57:22","guid":{"rendered":"http:\/\/clorenzoland.loc\/?page_id=7"},"modified":"2025-08-19T15:50:23","modified_gmt":"2025-08-19T15:50:23","slug":"fotografo-publicidad-madrid-7","status":"publish","type":"page","link":"https:\/\/cesarlorenzo.net\/fotografo-publicidad-madrid\/","title":{"rendered":"Fot\u00f3grafo publicidad Madrid"},"content":{"rendered":"","protected":false},"excerpt":{"rendered":"","protected":false},"author":1,"featured_media":0,"parent":0,"menu_order":0,"comment_status":"open","ping_status":"closed","template":"","meta":{"footnotes":""},"class_list":["post-7","page","type-page","status-publish","hentry"],"yoast_head":"<!-- This site is optimized with the Yoast SEO plugin v24.8.1 - https:\/\/yoast.com\/wordpress\/plugins\/seo\/ -->\n<title>C\u00e9sar Lorenzo, Fotograf\u00eda publicitaria en Madrid<\/title>\n<meta name=\"description\" content=\"Si buscas fot\u00f3grafo profesional en Madrid para obtener las mejores fotograf\u00edas en la capital de Espa\u00f1a y alrededores, llama a C\u00e9sar Lorenzo.\" \/>\n<meta name=\"robots\" content=\"index, follow, max-snippet:-1, max-image-preview:large, max-video-preview:-1\" \/>\n<link rel=\"canonical\" href=\"https:\/\/cesarlorenzo.net\/fotografo-publicidad-madrid\/\" \/>\n<meta property=\"og:locale\" content=\"es_ES\" \/>\n<meta property=\"og:type\" content=\"article\" \/>\n<meta property=\"og:title\" content=\"C\u00e9sar Lorenzo, Fotograf\u00eda publicitaria en Madrid\" \/>\n<meta property=\"og:description\" content=\"Si buscas fot\u00f3grafo profesional en Madrid para obtener las mejores fotograf\u00edas en la capital de Espa\u00f1a y alrededores, llama a C\u00e9sar Lorenzo.\" \/>\n<meta property=\"og:url\" content=\"https:\/\/cesarlorenzo.net\/fotografo-publicidad-madrid\/\" \/>\n<meta property=\"og:site_name\" content=\"C\u00e9sar Lorenzo\" \/>\n<meta property=\"article:modified_time\" content=\"2025-08-19T15:50:23+00:00\" \/>\n<meta name=\"twitter:card\" content=\"summary_large_image\" \/>\n<script type=\"application\/ld+json\" class=\"yoast-schema-graph\">{\"@context\":\"https:\/\/schema.org\",\"@graph\":[{\"@type\":\"WebPage\",\"@id\":\"https:\/\/cesarlorenzo.net\/fotografo-publicidad-madrid\/\",\"url\":\"https:\/\/cesarlorenzo.net\/fotografo-publicidad-madrid\/\",\"name\":\"C\u00e9sar Lorenzo, Fotograf\u00eda publicitaria en Madrid\",\"isPartOf\":{\"@id\":\"https:\/\/cesarlorenzo.net\/fotografo-publicidad-madrid\/#website\"},\"datePublished\":\"2018-04-03T18:57:22+00:00\",\"dateModified\":\"2025-08-19T15:50:23+00:00\",\"description\":\"Si buscas fot\u00f3grafo profesional en Madrid para obtener las mejores fotograf\u00edas en la capital de Espa\u00f1a y alrededores, llama a C\u00e9sar Lorenzo.\",\"breadcrumb\":{\"@id\":\"https:\/\/cesarlorenzo.net\/fotografo-publicidad-madrid\/#breadcrumb\"},\"inLanguage\":\"es\",\"potentialAction\":[{\"@type\":\"ReadAction\",\"target\":[\"https:\/\/cesarlorenzo.net\/fotografo-publicidad-madrid\/\"]}]},{\"@type\":\"BreadcrumbList\",\"@id\":\"https:\/\/cesarlorenzo.net\/fotografo-publicidad-madrid\/#breadcrumb\",\"itemListElement\":[{\"@type\":\"ListItem\",\"position\":1,\"name\":\"Home\",\"item\":\"https:\/\/cesarlorenzo.net\/fotografo-publicidad-madrid\/\"},{\"@type\":\"ListItem\",\"position\":2,\"name\":\"Fot\u00f3grafo publicidad Madrid\"}]},{\"@type\":\"WebSite\",\"@id\":\"https:\/\/cesarlorenzo.net\/fotografo-publicidad-madrid\/#website\",\"url\":\"https:\/\/cesarlorenzo.net\/fotografo-publicidad-madrid\/\",\"name\":\"C\u00e9sar Lorenzo - Landing\",\"description\":\"Fotograf\u00eda de moda y calzado en Madrid\",\"potentialAction\":[{\"@type\":\"SearchAction\",\"target\":{\"@type\":\"EntryPoint\",\"urlTemplate\":\"https:\/\/cesarlorenzo.net\/fotografo-publicidad-madrid\/?s={search_term_string}\"},\"query-input\":{\"@type\":\"PropertyValueSpecification\",\"valueRequired\":true,\"valueName\":\"search_term_string\"}}],\"inLanguage\":\"es\"},{\"@type\":\"Person\",\"@id\":\"https:\/\/cesarlorenzo.net\/fotografo-publicidad-madrid\/#\/schema\/person\/64b0f240a00623320babd16f394c7516\",\"name\":\"admin_clorenzo\",\"image\":{\"@type\":\"ImageObject\",\"inLanguage\":\"es\",\"@id\":\"https:\/\/cesarlorenzo.net\/fotografo-publicidad-madrid\/#\/schema\/person\/image\/\",\"url\":\"https:\/\/secure.gravatar.com\/avatar\/60bbf6b72fa55f63eba28dc2f6d6ed1f282b8886caa7d711bfdee76f23ed92cd?s=96&d=mm&r=g\",\"contentUrl\":\"https:\/\/secure.gravatar.com\/avatar\/60bbf6b72fa55f63eba28dc2f6d6ed1f282b8886caa7d711bfdee76f23ed92cd?s=96&d=mm&r=g\",\"caption\":\"admin_clorenzo\"},\"sameAs\":[\"https:\/\/cesarlorenzo.net\/fotografo-publicidad-madrid\/\"],\"url\":\"https:\/\/cesarlorenzo.net\/fotografo-publicidad-madrid\/author\/admin_clorenzo\/\"}]}<\/script>\n<!-- \/ Yoast SEO plugin. -->","yoast_head_json":{"title":"C\u00e9sar Lorenzo, Fotograf\u00eda publicitaria en Madrid","description":"Si buscas fot\u00f3grafo profesional en Madrid para obtener las mejores fotograf\u00edas en la capital de Espa\u00f1a y alrededores, llama a C\u00e9sar Lorenzo.","robots":{"index":"index","follow":"follow","max-snippet":"max-snippet:-1","max-image-preview":"max-image-preview:large","max-video-preview":"max-video-preview:-1"},"canonical":"https:\/\/cesarlorenzo.net\/fotografo-publicidad-madrid\/","og_locale":"es_ES","og_type":"article","og_title":"C\u00e9sar Lorenzo, Fotograf\u00eda publicitaria en Madrid","og_description":"Si buscas fot\u00f3grafo profesional en Madrid para obtener las mejores fotograf\u00edas en la capital de Espa\u00f1a y alrededores, llama a C\u00e9sar Lorenzo.","og_url":"https:\/\/cesarlorenzo.net\/fotografo-publicidad-madrid\/","og_site_name":"C\u00e9sar Lorenzo","article_modified_time":"2025-08-19T15:50:23+00:00","twitter_card":"summary_large_image","schema":{"@context":"https:\/\/schema.org","@graph":[{"@type":"WebPage","@id":"https:\/\/cesarlorenzo.net\/fotografo-publicidad-madrid\/","url":"https:\/\/cesarlorenzo.net\/fotografo-publicidad-madrid\/","name":"C\u00e9sar Lorenzo, Fotograf\u00eda publicitaria en Madrid","isPartOf":{"@id":"https:\/\/cesarlorenzo.net\/fotografo-publicidad-madrid\/#website"},"datePublished":"2018-04-03T18:57:22+00:00","dateModified":"2025-08-19T15:50:23+00:00","description":"Si buscas fot\u00f3grafo profesional en Madrid para obtener las mejores fotograf\u00edas en la capital de Espa\u00f1a y alrededores, llama a C\u00e9sar Lorenzo.","breadcrumb":{"@id":"https:\/\/cesarlorenzo.net\/fotografo-publicidad-madrid\/#breadcrumb"},"inLanguage":"es","potentialAction":[{"@type":"ReadAction","target":["https:\/\/cesarlorenzo.net\/fotografo-publicidad-madrid\/"]}]},{"@type":"BreadcrumbList","@id":"https:\/\/cesarlorenzo.net\/fotografo-publicidad-madrid\/#breadcrumb","itemListElement":[{"@type":"ListItem","position":1,"name":"Home","item":"https:\/\/cesarlorenzo.net\/fotografo-publicidad-madrid\/"},{"@type":"ListItem","position":2,"name":"Fot\u00f3grafo publicidad Madrid"}]},{"@type":"WebSite","@id":"https:\/\/cesarlorenzo.net\/fotografo-publicidad-madrid\/#website","url":"https:\/\/cesarlorenzo.net\/fotografo-publicidad-madrid\/","name":"C\u00e9sar Lorenzo - Landing","description":"Fotograf\u00eda de moda y calzado en Madrid","potentialAction":[{"@type":"SearchAction","target":{"@type":"EntryPoint","urlTemplate":"https:\/\/cesarlorenzo.net\/fotografo-publicidad-madrid\/?s={search_term_string}"},"query-input":{"@type":"PropertyValueSpecification","valueRequired":true,"valueName":"search_term_string"}}],"inLanguage":"es"},{"@type":"Person","@id":"https:\/\/cesarlorenzo.net\/fotografo-publicidad-madrid\/#\/schema\/person\/64b0f240a00623320babd16f394c7516","name":"admin_clorenzo","image":{"@type":"ImageObject","inLanguage":"es","@id":"https:\/\/cesarlorenzo.net\/fotografo-publicidad-madrid\/#\/schema\/person\/image\/","url":"https:\/\/secure.gravatar.com\/avatar\/60bbf6b72fa55f63eba28dc2f6d6ed1f282b8886caa7d711bfdee76f23ed92cd?s=96&d=mm&r=g","contentUrl":"https:\/\/secure.gravatar.com\/avatar\/60bbf6b72fa55f63eba28dc2f6d6ed1f282b8886caa7d711bfdee76f23ed92cd?s=96&d=mm&r=g","caption":"admin_clorenzo"},"sameAs":["https:\/\/cesarlorenzo.net\/fotografo-publicidad-madrid\/"],"url":"https:\/\/cesarlorenzo.net\/fotografo-publicidad-madrid\/author\/admin_clorenzo\/"}]}},"_links":{"self":[{"href":"https:\/\/cesarlorenzo.net\/fotografo-publicidad-madrid\/wp-json\/wp\/v2\/pages\/7","targetHints":{"allow":["GET"]}}],"collection":[{"href":"https:\/\/cesarlorenzo.net\/fotografo-publicidad-madrid\/wp-json\/wp\/v2\/pages"}],"about":[{"href":"https:\/\/cesarlorenzo.net\/fotografo-publicidad-madrid\/wp-json\/wp\/v2\/types\/page"}],"author":[{"embeddable":true,"href":"https:\/\/cesarlorenzo.net\/fotografo-publicidad-madrid\/wp-json\/wp\/v2\/users\/1"}],"replies":[{"embeddable":true,"href":"https:\/\/cesarlorenzo.net\/fotografo-publicidad-madrid\/wp-json\/wp\/v2\/comments?post=7"}],"version-history":[{"count":3,"href":"https:\/\/cesarlorenzo.net\/fotografo-publicidad-madrid\/wp-json\/wp\/v2\/pages\/7\/revisions"}],"predecessor-version":[{"id":88,"href":"https:\/\/cesarlorenzo.net\/fotografo-publicidad-madrid\/wp-json\/wp\/v2\/pages\/7\/revisions\/88"}],"wp:attachment":[{"href":"https:\/\/cesarlorenzo.net\/fotografo-publicidad-madrid\/wp-json\/wp\/v2\/media?parent=7"}],"curies":[{"name":"wp","href":"https:\/\/api.w.org\/{rel}","templated":true}]}}